{"id":1041,"date":"2024-09-07T19:23:14","date_gmt":"2024-09-07T17:23:14","guid":{"rendered":"https:\/\/mieuxetreenre.fr\/?page_id=1041"},"modified":"2024-09-07T19:33:25","modified_gmt":"2024-09-07T17:33:25","slug":"le-mouvement-interieur-gestion-des-emotions","status":"publish","type":"page","link":"https:\/\/mieuxetreenre.fr\/index.php\/le-mouvement-interieur-gestion-des-emotions\/","title":{"rendered":"Le mouvement int\u00e9rieur, Gestion des \u00e9motions"},"content":{"rendered":"\t\t<div data-elementor-type=\"wp-page\" data-elementor-id=\"1041\" class=\"elementor elementor-1041\">\n\t\t\t\t\t\t<section class=\"elementor-section elementor-top-section elementor-element elementor-element-49d809b elementor-section-boxed elementor-section-height-default elementor-section-height-default\" data-id=\"49d809b\" data-element_type=\"section\">\n\t\t\t\t\t\t<div class=\"elementor-container elementor-column-gap-default\">\n\t\t\t\t\t<div class=\"elementor-column elementor-col-100 elementor-top-column elementor-element elementor-element-02a3cb9\" data-id=\"02a3cb9\" data-element_type=\"column\">\n\t\t\t<div class=\"elementor-widget-wrap elementor-element-populated\">\n\t\t\t\t\t\t<div class=\"elementor-element elementor-element-32ff1cf elementor-widget elementor-widget-heading\" data-id=\"32ff1cf\" data-element_type=\"widget\" data-widget_type=\"heading.default\">\n\t\t\t\t<div class=\"elementor-widget-container\">\n\t\t\t\t\t<h2 class=\"elementor-heading-title elementor-size-default\">Le mouvement int\u00e9rieur, Gestion des \u00e9motions<\/h2>\t\t\t\t<\/div>\n\t\t\t\t<\/div>\n\t\t\t\t\t<\/div>\n\t\t<\/div>\n\t\t\t\t\t<\/div>\n\t\t<\/section>\n\t\t\t\t<section class=\"elementor-section elementor-top-section elementor-element elementor-element-3989d48 elementor-section-boxed elementor-section-height-default elementor-section-height-default\" data-id=\"3989d48\" data-element_type=\"section\">\n\t\t\t\t\t\t<div class=\"elementor-container elementor-column-gap-default\">\n\t\t\t\t\t<div class=\"elementor-column elementor-col-100 elementor-top-column elementor-element elementor-element-5f8980a\" data-id=\"5f8980a\" data-element_type=\"column\">\n\t\t\t<div class=\"elementor-widget-wrap elementor-element-populated\">\n\t\t\t\t\t\t<div class=\"elementor-element elementor-element-e1c5b7b elementor-widget elementor-widget-text-editor\" data-id=\"e1c5b7b\" data-element_type=\"widget\" data-widget_type=\"text-editor.default\">\n\t\t\t\t<div class=\"elementor-widget-container\">\n\t\t\t\t\t\t\t\t\t<p><strong><span style=\"font-size: 18.0pt;\">Mouvement int\u00e9rieur :<\/span><\/strong><\/p><p><span style=\"font-size: 18.0pt;\">Le mouvement int\u00e9rieur fait r\u00e9f\u00e9rence \u00e0 la dynamique interne de nos pens\u00e9es, sentiments et sensations corporelles. C&rsquo;est la conscience et la perception des impulsions internes qui guident nos actions et nos r\u00e9actions. Ce mouvement peut inclure des d\u00e9sirs, des motivations, des instincts et des intuitions qui influencent notre comportement et nos choix. Comprendre et \u00e9couter ce mouvement int\u00e9rieur peut nous aider \u00e0 prendre des d\u00e9cisions align\u00e9es avec nos besoins et nos valeurs profondes.<\/span><\/p>\t\t\t\t\t\t\t\t<\/div>\n\t\t\t\t<\/div>\n\t\t\t\t\t<\/div>\n\t\t<\/div>\n\t\t\t\t\t<\/div>\n\t\t<\/section>\n\t\t\t\t<section class=\"elementor-section elementor-top-section elementor-element elementor-element-697f861 elementor-section-boxed elementor-section-height-default elementor-section-height-default\" data-id=\"697f861\" data-element_type=\"section\">\n\t\t\t\t\t\t<div class=\"elementor-container elementor-column-gap-default\">\n\t\t\t\t\t<div class=\"elementor-column elementor-col-100 elementor-top-column elementor-element elementor-element-d6d4794\" data-id=\"d6d4794\" data-element_type=\"column\">\n\t\t\t<div class=\"elementor-widget-wrap elementor-element-populated\">\n\t\t\t\t\t\t<div class=\"elementor-element elementor-element-80e6352 elementor-widget elementor-widget-text-editor\" data-id=\"80e6352\" data-element_type=\"widget\" data-widget_type=\"text-editor.default\">\n\t\t\t\t<div class=\"elementor-widget-container\">\n\t\t\t\t\t\t\t\t\t<p><strong><span style=\"font-size: 18.0pt;\">Gestion des \u00e9motions :<\/span><\/strong><\/p><p><span style=\"font-size: 18.0pt;\">La gestion des \u00e9motions d\u00e9signe la capacit\u00e9 \u00e0 reconna\u00eetre, comprendre et r\u00e9guler nos r\u00e9ponses \u00e9motionnelles face aux \u00e9v\u00e9nements et aux situations de la vie quotidienne. Cela implique d&rsquo;\u00eatre conscient de nos \u00e9motions, de comprendre leurs causes et leurs effets sur nous-m\u00eames et sur les autres, et d&rsquo;utiliser des techniques appropri\u00e9es pour les g\u00e9rer de mani\u00e8re saine et constructive. La gestion des \u00e9motions comprend des comp\u00e9tences telles que l&rsquo;expression \u00e9motionnelle, la r\u00e9gulation \u00e9motionnelle et la r\u00e9solution de probl\u00e8mes \u00e9motionnels pour favoriser le bien-\u00eatre et les relations interpersonnelles harmonieuses.<\/span><\/p>\t\t\t\t\t\t\t\t<\/div>\n\t\t\t\t<\/div>\n\t\t\t\t\t<\/div>\n\t\t<\/div>\n\t\t\t\t\t<\/div>\n\t\t<\/section>\n\t\t\t\t<section class=\"elementor-section elementor-top-section elementor-element elementor-element-e52c8a8 elementor-section-boxed elementor-section-height-default elementor-section-height-default\" data-id=\"e52c8a8\" data-element_type=\"section\">\n\t\t\t\t\t\t<div class=\"elementor-container elementor-column-gap-default\">\n\t\t\t\t\t<div class=\"elementor-column elementor-col-50 elementor-top-column elementor-element elementor-element-3ea534b\" data-id=\"3ea534b\" data-element_type=\"column\">\n\t\t\t<div class=\"elementor-widget-wrap elementor-element-populated\">\n\t\t\t\t\t\t<div class=\"elementor-element elementor-element-533d60f elementor-widget elementor-widget-text-editor\" data-id=\"533d60f\" data-element_type=\"widget\" data-widget_type=\"text-editor.default\">\n\t\t\t\t<div class=\"elementor-widget-container\">\n\t\t\t\t\t\t\t\t\t<p>Contact aupr\u00e8s :<\/p><p><strong>H\u00e9l\u00e8ne Mass\u00e9<\/strong><\/p><p>Tel : 06 98 14 52 45<\/p><p>mail :\u00a0<a style=\"font-family: var( --e-global-typography-text-font-family ), Sans-serif; font-weight: var( --e-global-typography-text-font-weight ); font-size: 1rem;\" href=\"mailto:presenceasoi17@gmail.com\" target=\"_blank\" rel=\"noopener\">presenceasoi17@gmail.com<\/a><\/p>\t\t\t\t\t\t\t\t<\/div>\n\t\t\t\t<\/div>\n\t\t\t\t\t<\/div>\n\t\t<\/div>\n\t\t\t\t<div class=\"elementor-column elementor-col-50 elementor-top-column elementor-element elementor-element-a4f9386\" data-id=\"a4f9386\" data-element_type=\"column\">\n\t\t\t<div class=\"elementor-widget-wrap elementor-element-populated\">\n\t\t\t\t\t\t<div class=\"elementor-element elementor-element-a7ab0eb elementor-widget elementor-widget-image\" data-id=\"a7ab0eb\" data-element_type=\"widget\" data-widget_type=\"image.default\">\n\t\t\t\t<div class=\"elementor-widget-container\">\n\t\t\t\t\t\t\t\t\t\t\t\t\t\t\t<img fetchpriority=\"high\" decoding=\"async\" width=\"282\" height=\"300\" src=\"https:\/\/mieuxetreenre.fr\/wp-content\/uploads\/2024\/09\/Capture-decran-2023-12-08-a-15.31.59-282x300.jpg\" class=\"attachment-medium size-medium wp-image-1045\" alt=\"\" srcset=\"https:\/\/mieuxetreenre.fr\/wp-content\/uploads\/2024\/09\/Capture-decran-2023-12-08-a-15.31.59-282x300.jpg 282w, https:\/\/mieuxetreenre.fr\/wp-content\/uploads\/2024\/09\/Capture-decran-2023-12-08-a-15.31.59.jpg 642w\" sizes=\"(max-width: 282px) 100vw, 282px\" \/>\t\t\t\t\t\t\t\t\t\t\t\t\t\t\t<\/div>\n\t\t\t\t<\/div>\n\t\t\t\t\t<\/div>\n\t\t<\/div>\n\t\t\t\t\t<\/div>\n\t\t<\/section>\n\t\t\t\t<\/div>\n\t\t","protected":false},"excerpt":{"rendered":"<p>Le mouvement int\u00e9rieur, Gestion des \u00e9motions Mouvement int\u00e9rieur : Le mouvement int\u00e9rieur fait r\u00e9f\u00e9rence \u00e0 la dynamique interne de nos pens\u00e9es, sentiments et sensations corporelles. C&rsquo;est la conscience et la perception des impulsions internes qui guident nos actions et nos r\u00e9actions. Ce mouvement peut inclure des d\u00e9sirs, des motivations, des instincts et des intuitions qui [&hellip;]<\/p>\n","protected":false},"author":2,"featured_media":0,"parent":0,"menu_order":0,"comment_status":"closed","ping_status":"closed","template":"","meta":{"site-sidebar-layout":"no-sidebar","site-content-layout":"page-builder","ast-site-content-layout":"full-width-container","site-content-style":"unboxed","site-sidebar-style":"unboxed","ast-global-header-display":"","ast-banner-title-visibility":"","ast-main-header-display":"","ast-hfb-above-header-display":"","ast-hfb-below-header-display":"","ast-hfb-mobile-header-display":"","site-post-title":"disabled","ast-breadcrumbs-content":"","ast-featured-img":"disabled","footer-sml-layout":"","theme-transparent-header-meta":"","adv-header-id-meta":"","stick-header-meta":"","header-above-stick-meta":"","header-main-stick-meta":"","header-below-stick-meta":"","astra-migrate-meta-layouts":"set","ast-page-background-enabled":"default","ast-page-background-meta":{"desktop":{"background-color":"var(--ast-global-color-4)","background-image":"","background-repeat":"repeat","background-position":"center center","background-size":"auto","background-attachment":"scroll","background-type":"","background-media":"","overlay-type":"","overlay-color":"","overlay-opacity":"","overlay-gradient":""},"tablet":{"background-color":"","background-image":"","background-repeat":"repeat","background-position":"center center","background-size":"auto","background-attachment":"scroll","background-type":"","background-media":"","overlay-type":"","overlay-color":"","overlay-opacity":"","overlay-gradient":""},"mobile":{"background-color":"","background-image":"","background-repeat":"repeat","background-position":"center center","background-size":"auto","background-attachment":"scroll","background-type":"","background-media":"","overlay-type":"","overlay-color":"","overlay-opacity":"","overlay-gradient":""}},"ast-content-background-meta":{"desktop":{"background-color":"var(--ast-global-color-5)","background-image":"","background-repeat":"repeat","background-position":"center center","background-size":"auto","background-attachment":"scroll","background-type":"","background-media":"","overlay-type":"","overlay-color":"","overlay-opacity":"","overlay-gradient":""},"tablet":{"background-color":"var(--ast-global-color-5)","background-image":"","background-repeat":"repeat","background-position":"center center","background-size":"auto","background-attachment":"scroll","background-type":"","background-media":"","overlay-type":"","overlay-color":"","overlay-opacity":"","overlay-gradient":""},"mobile":{"background-color":"var(--ast-global-color-5)","background-image":"","background-repeat":"repeat","background-position":"center center","background-size":"auto","background-attachment":"scroll","background-type":"","background-media":"","overlay-type":"","overlay-color":"","overlay-opacity":"","overlay-gradient":""}},"footnotes":""},"class_list":["post-1041","page","type-page","status-publish","hentry"],"yoast_head":"<!-- This site is optimized with the Yoast SEO plugin v25.8 - https:\/\/yoast.com\/wordpress\/plugins\/seo\/ -->\n<title>Le mouvement int\u00e9rieur, Gestion des \u00e9motions - Association Mieux \u00eatre en R\u00e9<\/title>\n<meta name=\"description\" content=\"H\u00e9l\u00e8ne Mass\u00e9 vous accompagne lors de s\u00e9ance sur la gestion de vos \u00e9motions et le mouvement int\u00e9rieur sur l&#039;Ile de R\u00e9\" \/>\n<meta name=\"robots\" content=\"index, follow, max-snippet:-1, max-image-preview:large, max-video-preview:-1\" \/>\n<link rel=\"canonical\" href=\"https:\/\/mieuxetreenre.fr\/index.php\/le-mouvement-interieur-gestion-des-emotions\/\" \/>\n<meta property=\"og:locale\" content=\"fr_FR\" \/>\n<meta property=\"og:type\" content=\"article\" \/>\n<meta property=\"og:title\" content=\"Le mouvement int\u00e9rieur, Gestion des \u00e9motions - Association Mieux \u00eatre en R\u00e9\" \/>\n<meta property=\"og:description\" content=\"H\u00e9l\u00e8ne Mass\u00e9 vous accompagne lors de s\u00e9ance sur la gestion de vos \u00e9motions et le mouvement int\u00e9rieur sur l&#039;Ile de R\u00e9\" \/>\n<meta property=\"og:url\" content=\"https:\/\/mieuxetreenre.fr\/index.php\/le-mouvement-interieur-gestion-des-emotions\/\" \/>\n<meta property=\"og:site_name\" content=\"Association Mieux \u00eatre en R\u00e9\" \/>\n<meta property=\"article:publisher\" content=\"https:\/\/www.facebook.com\/Mieux.Etre.en.Re\" \/>\n<meta property=\"article:modified_time\" content=\"2024-09-07T17:33:25+00:00\" \/>\n<meta property=\"og:image\" content=\"https:\/\/mieuxetreenre.fr\/wp-content\/uploads\/2024\/09\/Capture-decran-2023-12-08-a-15.31.59-282x300.jpg\" \/>\n<meta name=\"twitter:card\" content=\"summary_large_image\" \/>\n<meta name=\"twitter:label1\" content=\"Dur\u00e9e de lecture estim\u00e9e\" \/>\n\t<meta name=\"twitter:data1\" content=\"2 minutes\" \/>\n<script type=\"application\/ld+json\" class=\"yoast-schema-graph\">{\"@context\":\"https:\/\/schema.org\",\"@graph\":[{\"@type\":\"WebPage\",\"@id\":\"https:\/\/mieuxetreenre.fr\/index.php\/le-mouvement-interieur-gestion-des-emotions\/\",\"url\":\"https:\/\/mieuxetreenre.fr\/index.php\/le-mouvement-interieur-gestion-des-emotions\/\",\"name\":\"Le mouvement int\u00e9rieur, Gestion des \u00e9motions - Association Mieux \u00eatre en R\u00e9\",\"isPartOf\":{\"@id\":\"https:\/\/mieuxetreenre.fr\/#website\"},\"primaryImageOfPage\":{\"@id\":\"https:\/\/mieuxetreenre.fr\/index.php\/le-mouvement-interieur-gestion-des-emotions\/#primaryimage\"},\"image\":{\"@id\":\"https:\/\/mieuxetreenre.fr\/index.php\/le-mouvement-interieur-gestion-des-emotions\/#primaryimage\"},\"thumbnailUrl\":\"https:\/\/mieuxetreenre.fr\/wp-content\/uploads\/2024\/09\/Capture-decran-2023-12-08-a-15.31.59-282x300.jpg\",\"datePublished\":\"2024-09-07T17:23:14+00:00\",\"dateModified\":\"2024-09-07T17:33:25+00:00\",\"description\":\"H\u00e9l\u00e8ne Mass\u00e9 vous accompagne lors de s\u00e9ance sur la gestion de vos \u00e9motions et le mouvement int\u00e9rieur sur l'Ile de R\u00e9\",\"breadcrumb\":{\"@id\":\"https:\/\/mieuxetreenre.fr\/index.php\/le-mouvement-interieur-gestion-des-emotions\/#breadcrumb\"},\"inLanguage\":\"fr-FR\",\"potentialAction\":[{\"@type\":\"ReadAction\",\"target\":[\"https:\/\/mieuxetreenre.fr\/index.php\/le-mouvement-interieur-gestion-des-emotions\/\"]}]},{\"@type\":\"ImageObject\",\"inLanguage\":\"fr-FR\",\"@id\":\"https:\/\/mieuxetreenre.fr\/index.php\/le-mouvement-interieur-gestion-des-emotions\/#primaryimage\",\"url\":\"https:\/\/mieuxetreenre.fr\/wp-content\/uploads\/2024\/09\/Capture-decran-2023-12-08-a-15.31.59.jpg\",\"contentUrl\":\"https:\/\/mieuxetreenre.fr\/wp-content\/uploads\/2024\/09\/Capture-decran-2023-12-08-a-15.31.59.jpg\",\"width\":642,\"height\":684,\"caption\":\"le mouvement int\u00e9rieur, gestion des \u00e9motions\"},{\"@type\":\"BreadcrumbList\",\"@id\":\"https:\/\/mieuxetreenre.fr\/index.php\/le-mouvement-interieur-gestion-des-emotions\/#breadcrumb\",\"itemListElement\":[{\"@type\":\"ListItem\",\"position\":1,\"name\":\"Accueil\",\"item\":\"https:\/\/mieuxetreenre.fr\/\"},{\"@type\":\"ListItem\",\"position\":2,\"name\":\"Le mouvement int\u00e9rieur, Gestion des \u00e9motions\"}]},{\"@type\":\"WebSite\",\"@id\":\"https:\/\/mieuxetreenre.fr\/#website\",\"url\":\"https:\/\/mieuxetreenre.fr\/\",\"name\":\"Association Mieux \u00eatre en R\u00e9\",\"description\":\"F\u00e9d\u00e9rateur de bonheur\",\"publisher\":{\"@id\":\"https:\/\/mieuxetreenre.fr\/#organization\"},\"potentialAction\":[{\"@type\":\"SearchAction\",\"target\":{\"@type\":\"EntryPoint\",\"urlTemplate\":\"https:\/\/mieuxetreenre.fr\/?s={search_term_string}\"},\"query-input\":{\"@type\":\"PropertyValueSpecification\",\"valueRequired\":true,\"valueName\":\"search_term_string\"}}],\"inLanguage\":\"fr-FR\"},{\"@type\":\"Organization\",\"@id\":\"https:\/\/mieuxetreenre.fr\/#organization\",\"name\":\"Association Mieux \u00eatre en R\u00e9\",\"url\":\"https:\/\/mieuxetreenre.fr\/\",\"logo\":{\"@type\":\"ImageObject\",\"inLanguage\":\"fr-FR\",\"@id\":\"https:\/\/mieuxetreenre.fr\/#\/schema\/logo\/image\/\",\"url\":\"https:\/\/mieuxetreenre.fr\/wp-content\/uploads\/2023\/03\/cropped-cropped-LOGO-MEER-ROND-1-1.png\",\"contentUrl\":\"https:\/\/mieuxetreenre.fr\/wp-content\/uploads\/2023\/03\/cropped-cropped-LOGO-MEER-ROND-1-1.png\",\"width\":293,\"height\":290,\"caption\":\"Association Mieux \u00eatre en R\u00e9\"},\"image\":{\"@id\":\"https:\/\/mieuxetreenre.fr\/#\/schema\/logo\/image\/\"},\"sameAs\":[\"https:\/\/www.facebook.com\/Mieux.Etre.en.Re\"]}]}<\/script>\n<!-- \/ Yoast SEO plugin. -->","yoast_head_json":{"title":"Le mouvement int\u00e9rieur, Gestion des \u00e9motions - Association Mieux \u00eatre en R\u00e9","description":"H\u00e9l\u00e8ne Mass\u00e9 vous accompagne lors de s\u00e9ance sur la gestion de vos \u00e9motions et le mouvement int\u00e9rieur sur l'Ile de R\u00e9","robots":{"index":"index","follow":"follow","max-snippet":"max-snippet:-1","max-image-preview":"max-image-preview:large","max-video-preview":"max-video-preview:-1"},"canonical":"https:\/\/mieuxetreenre.fr\/index.php\/le-mouvement-interieur-gestion-des-emotions\/","og_locale":"fr_FR","og_type":"article","og_title":"Le mouvement int\u00e9rieur, Gestion des \u00e9motions - Association Mieux \u00eatre en R\u00e9","og_description":"H\u00e9l\u00e8ne Mass\u00e9 vous accompagne lors de s\u00e9ance sur la gestion de vos \u00e9motions et le mouvement int\u00e9rieur sur l'Ile de R\u00e9","og_url":"https:\/\/mieuxetreenre.fr\/index.php\/le-mouvement-interieur-gestion-des-emotions\/","og_site_name":"Association Mieux \u00eatre en R\u00e9","article_publisher":"https:\/\/www.facebook.com\/Mieux.Etre.en.Re","article_modified_time":"2024-09-07T17:33:25+00:00","og_image":[{"url":"https:\/\/mieuxetreenre.fr\/wp-content\/uploads\/2024\/09\/Capture-decran-2023-12-08-a-15.31.59-282x300.jpg","type":"","width":"","height":""}],"twitter_card":"summary_large_image","twitter_misc":{"Dur\u00e9e de lecture estim\u00e9e":"2 minutes"},"schema":{"@context":"https:\/\/schema.org","@graph":[{"@type":"WebPage","@id":"https:\/\/mieuxetreenre.fr\/index.php\/le-mouvement-interieur-gestion-des-emotions\/","url":"https:\/\/mieuxetreenre.fr\/index.php\/le-mouvement-interieur-gestion-des-emotions\/","name":"Le mouvement int\u00e9rieur, Gestion des \u00e9motions - Association Mieux \u00eatre en R\u00e9","isPartOf":{"@id":"https:\/\/mieuxetreenre.fr\/#website"},"primaryImageOfPage":{"@id":"https:\/\/mieuxetreenre.fr\/index.php\/le-mouvement-interieur-gestion-des-emotions\/#primaryimage"},"image":{"@id":"https:\/\/mieuxetreenre.fr\/index.php\/le-mouvement-interieur-gestion-des-emotions\/#primaryimage"},"thumbnailUrl":"https:\/\/mieuxetreenre.fr\/wp-content\/uploads\/2024\/09\/Capture-decran-2023-12-08-a-15.31.59-282x300.jpg","datePublished":"2024-09-07T17:23:14+00:00","dateModified":"2024-09-07T17:33:25+00:00","description":"H\u00e9l\u00e8ne Mass\u00e9 vous accompagne lors de s\u00e9ance sur la gestion de vos \u00e9motions et le mouvement int\u00e9rieur sur l'Ile de R\u00e9","breadcrumb":{"@id":"https:\/\/mieuxetreenre.fr\/index.php\/le-mouvement-interieur-gestion-des-emotions\/#breadcrumb"},"inLanguage":"fr-FR","potentialAction":[{"@type":"ReadAction","target":["https:\/\/mieuxetreenre.fr\/index.php\/le-mouvement-interieur-gestion-des-emotions\/"]}]},{"@type":"ImageObject","inLanguage":"fr-FR","@id":"https:\/\/mieuxetreenre.fr\/index.php\/le-mouvement-interieur-gestion-des-emotions\/#primaryimage","url":"https:\/\/mieuxetreenre.fr\/wp-content\/uploads\/2024\/09\/Capture-decran-2023-12-08-a-15.31.59.jpg","contentUrl":"https:\/\/mieuxetreenre.fr\/wp-content\/uploads\/2024\/09\/Capture-decran-2023-12-08-a-15.31.59.jpg","width":642,"height":684,"caption":"le mouvement int\u00e9rieur, gestion des \u00e9motions"},{"@type":"BreadcrumbList","@id":"https:\/\/mieuxetreenre.fr\/index.php\/le-mouvement-interieur-gestion-des-emotions\/#breadcrumb","itemListElement":[{"@type":"ListItem","position":1,"name":"Accueil","item":"https:\/\/mieuxetreenre.fr\/"},{"@type":"ListItem","position":2,"name":"Le mouvement int\u00e9rieur, Gestion des \u00e9motions"}]},{"@type":"WebSite","@id":"https:\/\/mieuxetreenre.fr\/#website","url":"https:\/\/mieuxetreenre.fr\/","name":"Association Mieux \u00eatre en R\u00e9","description":"F\u00e9d\u00e9rateur de bonheur","publisher":{"@id":"https:\/\/mieuxetreenre.fr\/#organization"},"potentialAction":[{"@type":"SearchAction","target":{"@type":"EntryPoint","urlTemplate":"https:\/\/mieuxetreenre.fr\/?s={search_term_string}"},"query-input":{"@type":"PropertyValueSpecification","valueRequired":true,"valueName":"search_term_string"}}],"inLanguage":"fr-FR"},{"@type":"Organization","@id":"https:\/\/mieuxetreenre.fr\/#organization","name":"Association Mieux \u00eatre en R\u00e9","url":"https:\/\/mieuxetreenre.fr\/","logo":{"@type":"ImageObject","inLanguage":"fr-FR","@id":"https:\/\/mieuxetreenre.fr\/#\/schema\/logo\/image\/","url":"https:\/\/mieuxetreenre.fr\/wp-content\/uploads\/2023\/03\/cropped-cropped-LOGO-MEER-ROND-1-1.png","contentUrl":"https:\/\/mieuxetreenre.fr\/wp-content\/uploads\/2023\/03\/cropped-cropped-LOGO-MEER-ROND-1-1.png","width":293,"height":290,"caption":"Association Mieux \u00eatre en R\u00e9"},"image":{"@id":"https:\/\/mieuxetreenre.fr\/#\/schema\/logo\/image\/"},"sameAs":["https:\/\/www.facebook.com\/Mieux.Etre.en.Re"]}]}},"jetpack_sharing_enabled":true,"_links":{"self":[{"href":"https:\/\/mieuxetreenre.fr\/index.php\/wp-json\/wp\/v2\/pages\/1041","targetHints":{"allow":["GET"]}}],"collection":[{"href":"https:\/\/mieuxetreenre.fr\/index.php\/wp-json\/wp\/v2\/pages"}],"about":[{"href":"https:\/\/mieuxetreenre.fr\/index.php\/wp-json\/wp\/v2\/types\/page"}],"author":[{"embeddable":true,"href":"https:\/\/mieuxetreenre.fr\/index.php\/wp-json\/wp\/v2\/users\/2"}],"replies":[{"embeddable":true,"href":"https:\/\/mieuxetreenre.fr\/index.php\/wp-json\/wp\/v2\/comments?post=1041"}],"version-history":[{"count":10,"href":"https:\/\/mieuxetreenre.fr\/index.php\/wp-json\/wp\/v2\/pages\/1041\/revisions"}],"predecessor-version":[{"id":1053,"href":"https:\/\/mieuxetreenre.fr\/index.php\/wp-json\/wp\/v2\/pages\/1041\/revisions\/1053"}],"wp:attachment":[{"href":"https:\/\/mieuxetreenre.fr\/index.php\/wp-json\/wp\/v2\/media?parent=1041"}],"curies":[{"name":"wp","href":"https:\/\/api.w.org\/{rel}","templated":true}]}}